{"id":2,"date":"2015-05-26T16:01:30","date_gmt":"2015-05-26T16:01:30","guid":{"rendered":"http:\/\/go-racing.pl\/blog\/?page_id=2"},"modified":"2020-01-22T11:16:39","modified_gmt":"2020-01-22T10:16:39","slug":"o-nas","status":"publish","type":"page","link":"https:\/\/go-racing.pl\/blog\/o-nas\/","title":{"rendered":"O nas"},"content":{"rendered":"<p>Go Racing jest miejscem gdzie mo\u017cesz bli\u017cej pozna\u0107 sport samochodowy, samemu przetestowa\u0107 super auta, zasi\u0119gn\u0105\u0107 rad od profesjonalnych kierowc\u00f3w i wreszcie wcisn\u0105\u0107 gaz do dechy na jednym z bezpiecznych tor\u00f3w zlokalizowanych w Polsce. Je\u017celi nigdy nie mia\u0142e\u015b przyjemno\u015bci spr\u00f3bowa\u0107 si\u0142 w powalaj\u0105cym Gallardo albo GTR, musisz usi\u0105\u015b\u0107 za kierownic\u0105 i us\u0142ysze\u0107 d\u017awi\u0119k silnika. Ponadto oferujemy szerokie programy treningowe obejmuj\u0105ce rajdy samochodowe, wy\u015bcigi oraz drifting. Eventy organizowane przez go-racing zapadaj\u0105 w pami\u0119ci ka\u017cdego uczestnika, dzi\u0119ki indywidualnemu podej\u015bciu do imprezy i co najwa\u017cniejsze dzi\u0119ki samochodom z najwy\u017cszej p\u00f3\u0142ki. Pojazdy takie jak <a href=\"https:\/\/go-racing.pl\/b\/jazda-lamborghini-gallardo\" data-internallinksmanager029f6b8e52c=\"19\" title=\"Lamborghini Gallardo\">Lamborghini Gallardo<\/a>, Ferrai F430, <a href=\"https:\/\/go-racing.pl\/k\/nissan\" data-internallinksmanager029f6b8e52c=\"1\" title=\"Nissan\">Nissan<\/a> GTR, Porshe, <a href=\"https:\/\/go-racing.pl\/b\/jazda-ferrari-458-italia\" data-internallinksmanager029f6b8e52c=\"23\" title=\"Ferrari 458 Italia\">Ferrari 458 Italia<\/a>, albo Lamborghini Gallardo Cabrio i wiele innych na pewno b\u0119d\u0105 cieszy\u0107 oko, a my\u015bl o tym \u017ce b\u0119d\u0105 do twojej dyspozycji podniesie ci poziom adrenaliny. Zapraszamy do zapoznania si\u0119 z serwisem oraz do \u015bledzenia bloga.<\/p>\n","protected":false},"excerpt":{"rendered":"<p>Go Racing jest miejscem gdzie mo\u017cesz bli\u017cej pozna\u0107 sport samochodowy, samemu przetestowa\u0107 super auta, zasi\u0119gn\u0105\u0107 rad od profesjonalnych kierowc\u00f3w i wreszcie wcisn\u0105\u0107 gaz do dechy na jednym z bezpiecznych tor\u00f3w zlokalizowanych w Polsce. Je\u017celi nigdy nie mia\u0142e\u015b przyjemno\u015bci spr\u00f3bowa\u0107 si\u0142 w powalaj\u0105cym Gallardo albo GTR, musisz usi\u0105\u015b\u0107 za kierownic\u0105 i us\u0142ysze\u0107 d\u017awi\u0119k silnika. Ponadto oferujemy [&hellip;]<\/p>\n","protected":false},"author":1,"featured_media":176,"parent":0,"menu_order":0,"comment_status":"closed","ping_status":"open","template":"","meta":{"footnotes":""},"class_list":["post-2","page","type-page","status-publish","has-post-thumbnail","hentry"],"blocksy_meta":[],"yoast_head":"<!-- This site is optimized with the Yoast SEO plugin v27.3 - https:\/\/yoast.com\/product\/yoast-seo-wordpress\/ -->\n<title>O nas - Go-racing<\/title>\n<meta name=\"robots\" content=\"index, follow, max-snippet:-1, max-image-preview:large, max-video-preview:-1\" \/>\n<link rel=\"canonical\" href=\"https:\/\/go-racing.pl\/blog\/o-nas\/\" \/>\n<meta property=\"og:locale\" content=\"pl_PL\" \/>\n<meta property=\"og:type\" content=\"article\" \/>\n<meta property=\"og:title\" content=\"O nas - Go-racing\" \/>\n<meta property=\"og:description\" content=\"Go Racing jest miejscem gdzie mo\u017cesz bli\u017cej pozna\u0107 sport samochodowy, samemu przetestowa\u0107 super auta, zasi\u0119gn\u0105\u0107 rad od profesjonalnych kierowc\u00f3w i wreszcie wcisn\u0105\u0107 gaz do dechy na jednym z bezpiecznych tor\u00f3w zlokalizowanych w Polsce. Je\u017celi nigdy nie mia\u0142e\u015b przyjemno\u015bci spr\u00f3bowa\u0107 si\u0142 w powalaj\u0105cym Gallardo albo GTR, musisz usi\u0105\u015b\u0107 za kierownic\u0105 i us\u0142ysze\u0107 d\u017awi\u0119k silnika. Ponadto oferujemy [&hellip;]\" \/>\n<meta property=\"og:url\" content=\"https:\/\/go-racing.pl\/blog\/o-nas\/\" \/>\n<meta property=\"og:site_name\" content=\"Go-racing\" \/>\n<meta property=\"article:publisher\" content=\"https:\/\/www.facebook.com\/goracingpl\" \/>\n<meta property=\"article:modified_time\" content=\"2020-01-22T10:16:39+00:00\" \/>\n<meta property=\"og:image\" content=\"https:\/\/go-racing.pl\/blog\/wp-content\/uploads\/2015\/05\/1941.jpg\" \/>\n\t<meta property=\"og:image:width\" content=\"5616\" \/>\n\t<meta property=\"og:image:height\" content=\"3744\" \/>\n\t<meta property=\"og:image:type\" content=\"image\/jpeg\" \/>\n<meta name=\"twitter:card\" content=\"summary_large_image\" \/>\n<meta name=\"twitter:site\" content=\"@goracing_pl\" \/>\n<meta name=\"twitter:label1\" content=\"Szacowany czas czytania\" \/>\n\t<meta name=\"twitter:data1\" content=\"1 minuta\" \/>\n<script type=\"application\/ld+json\" class=\"yoast-schema-graph\">{\"@context\":\"https:\\\/\\\/schema.org\",\"@graph\":[{\"@type\":\"WebPage\",\"@id\":\"https:\\\/\\\/go-racing.pl\\\/blog\\\/o-nas\\\/\",\"url\":\"https:\\\/\\\/go-racing.pl\\\/blog\\\/o-nas\\\/\",\"name\":\"O nas - Go-racing\",\"isPartOf\":{\"@id\":\"https:\\\/\\\/go-racing.pl\\\/blog\\\/#website\"},\"primaryImageOfPage\":{\"@id\":\"https:\\\/\\\/go-racing.pl\\\/blog\\\/o-nas\\\/#primaryimage\"},\"image\":{\"@id\":\"https:\\\/\\\/go-racing.pl\\\/blog\\\/o-nas\\\/#primaryimage\"},\"thumbnailUrl\":\"https:\\\/\\\/go-racing.pl\\\/blog\\\/wp-content\\\/uploads\\\/2015\\\/05\\\/1941.jpg\",\"datePublished\":\"2015-05-26T16:01:30+00:00\",\"dateModified\":\"2020-01-22T10:16:39+00:00\",\"breadcrumb\":{\"@id\":\"https:\\\/\\\/go-racing.pl\\\/blog\\\/o-nas\\\/#breadcrumb\"},\"inLanguage\":\"pl-PL\",\"potentialAction\":[{\"@type\":\"ReadAction\",\"target\":[\"https:\\\/\\\/go-racing.pl\\\/blog\\\/o-nas\\\/\"]}]},{\"@type\":\"ImageObject\",\"inLanguage\":\"pl-PL\",\"@id\":\"https:\\\/\\\/go-racing.pl\\\/blog\\\/o-nas\\\/#primaryimage\",\"url\":\"https:\\\/\\\/go-racing.pl\\\/blog\\\/wp-content\\\/uploads\\\/2015\\\/05\\\/1941.jpg\",\"contentUrl\":\"https:\\\/\\\/go-racing.pl\\\/blog\\\/wp-content\\\/uploads\\\/2015\\\/05\\\/1941.jpg\",\"width\":5616,\"height\":3744},{\"@type\":\"BreadcrumbList\",\"@id\":\"https:\\\/\\\/go-racing.pl\\\/blog\\\/o-nas\\\/#breadcrumb\",\"itemListElement\":[{\"@type\":\"ListItem\",\"position\":1,\"name\":\"Strona g\u0142\u00f3wna\",\"item\":\"https:\\\/\\\/go-racing.pl\\\/blog\\\/\"},{\"@type\":\"ListItem\",\"position\":2,\"name\":\"O nas\"}]},{\"@type\":\"WebSite\",\"@id\":\"https:\\\/\\\/go-racing.pl\\\/blog\\\/#website\",\"url\":\"https:\\\/\\\/go-racing.pl\\\/blog\\\/\",\"name\":\"Go-racing\",\"description\":\"Fotorelacje z imprez, newsy motoryzacyjne, szczeg\u00f3\u0142owe opisy sportowych aut.\",\"publisher\":{\"@id\":\"https:\\\/\\\/go-racing.pl\\\/blog\\\/#organization\"},\"potentialAction\":[{\"@type\":\"SearchAction\",\"target\":{\"@type\":\"EntryPoint\",\"urlTemplate\":\"https:\\\/\\\/go-racing.pl\\\/blog\\\/?s={search_term_string}\"},\"query-input\":{\"@type\":\"PropertyValueSpecification\",\"valueRequired\":true,\"valueName\":\"search_term_string\"}}],\"inLanguage\":\"pl-PL\"},{\"@type\":\"Organization\",\"@id\":\"https:\\\/\\\/go-racing.pl\\\/blog\\\/#organization\",\"name\":\"go-racing\",\"url\":\"https:\\\/\\\/go-racing.pl\\\/blog\\\/\",\"logo\":{\"@type\":\"ImageObject\",\"inLanguage\":\"pl-PL\",\"@id\":\"https:\\\/\\\/go-racing.pl\\\/blog\\\/#\\\/schema\\\/logo\\\/image\\\/\",\"url\":\"https:\\\/\\\/go-racing.pl\\\/blog\\\/wp-content\\\/uploads\\\/2015\\\/05\\\/logo.jpg\",\"contentUrl\":\"https:\\\/\\\/go-racing.pl\\\/blog\\\/wp-content\\\/uploads\\\/2015\\\/05\\\/logo.jpg\",\"width\":113,\"height\":32,\"caption\":\"go-racing\"},\"image\":{\"@id\":\"https:\\\/\\\/go-racing.pl\\\/blog\\\/#\\\/schema\\\/logo\\\/image\\\/\"},\"sameAs\":[\"https:\\\/\\\/www.facebook.com\\\/goracingpl\",\"https:\\\/\\\/x.com\\\/goracing_pl\",\"https:\\\/\\\/instagram.com\\\/go_racing_pl\",\"https:\\\/\\\/www.youtube.com\\\/channel\\\/UCEdVDV_efJn6tpPWXefkCGQ\"]}]}<\/script>\n<!-- \/ Yoast SEO plugin. -->","yoast_head_json":{"title":"O nas - Go-racing","robots":{"index":"index","follow":"follow","max-snippet":"max-snippet:-1","max-image-preview":"max-image-preview:large","max-video-preview":"max-video-preview:-1"},"canonical":"https:\/\/go-racing.pl\/blog\/o-nas\/","og_locale":"pl_PL","og_type":"article","og_title":"O nas - Go-racing","og_description":"Go Racing jest miejscem gdzie mo\u017cesz bli\u017cej pozna\u0107 sport samochodowy, samemu przetestowa\u0107 super auta, zasi\u0119gn\u0105\u0107 rad od profesjonalnych kierowc\u00f3w i wreszcie wcisn\u0105\u0107 gaz do dechy na jednym z bezpiecznych tor\u00f3w zlokalizowanych w Polsce. Je\u017celi nigdy nie mia\u0142e\u015b przyjemno\u015bci spr\u00f3bowa\u0107 si\u0142 w powalaj\u0105cym Gallardo albo GTR, musisz usi\u0105\u015b\u0107 za kierownic\u0105 i us\u0142ysze\u0107 d\u017awi\u0119k silnika. Ponadto oferujemy [&hellip;]","og_url":"https:\/\/go-racing.pl\/blog\/o-nas\/","og_site_name":"Go-racing","article_publisher":"https:\/\/www.facebook.com\/goracingpl","article_modified_time":"2020-01-22T10:16:39+00:00","og_image":[{"width":5616,"height":3744,"url":"https:\/\/go-racing.pl\/blog\/wp-content\/uploads\/2015\/05\/1941.jpg","type":"image\/jpeg"}],"twitter_card":"summary_large_image","twitter_site":"@goracing_pl","twitter_misc":{"Szacowany czas czytania":"1 minuta"},"schema":{"@context":"https:\/\/schema.org","@graph":[{"@type":"WebPage","@id":"https:\/\/go-racing.pl\/blog\/o-nas\/","url":"https:\/\/go-racing.pl\/blog\/o-nas\/","name":"O nas - Go-racing","isPartOf":{"@id":"https:\/\/go-racing.pl\/blog\/#website"},"primaryImageOfPage":{"@id":"https:\/\/go-racing.pl\/blog\/o-nas\/#primaryimage"},"image":{"@id":"https:\/\/go-racing.pl\/blog\/o-nas\/#primaryimage"},"thumbnailUrl":"https:\/\/go-racing.pl\/blog\/wp-content\/uploads\/2015\/05\/1941.jpg","datePublished":"2015-05-26T16:01:30+00:00","dateModified":"2020-01-22T10:16:39+00:00","breadcrumb":{"@id":"https:\/\/go-racing.pl\/blog\/o-nas\/#breadcrumb"},"inLanguage":"pl-PL","potentialAction":[{"@type":"ReadAction","target":["https:\/\/go-racing.pl\/blog\/o-nas\/"]}]},{"@type":"ImageObject","inLanguage":"pl-PL","@id":"https:\/\/go-racing.pl\/blog\/o-nas\/#primaryimage","url":"https:\/\/go-racing.pl\/blog\/wp-content\/uploads\/2015\/05\/1941.jpg","contentUrl":"https:\/\/go-racing.pl\/blog\/wp-content\/uploads\/2015\/05\/1941.jpg","width":5616,"height":3744},{"@type":"BreadcrumbList","@id":"https:\/\/go-racing.pl\/blog\/o-nas\/#breadcrumb","itemListElement":[{"@type":"ListItem","position":1,"name":"Strona g\u0142\u00f3wna","item":"https:\/\/go-racing.pl\/blog\/"},{"@type":"ListItem","position":2,"name":"O nas"}]},{"@type":"WebSite","@id":"https:\/\/go-racing.pl\/blog\/#website","url":"https:\/\/go-racing.pl\/blog\/","name":"Go-racing","description":"Fotorelacje z imprez, newsy motoryzacyjne, szczeg\u00f3\u0142owe opisy sportowych aut.","publisher":{"@id":"https:\/\/go-racing.pl\/blog\/#organization"},"potentialAction":[{"@type":"SearchAction","target":{"@type":"EntryPoint","urlTemplate":"https:\/\/go-racing.pl\/blog\/?s={search_term_string}"},"query-input":{"@type":"PropertyValueSpecification","valueRequired":true,"valueName":"search_term_string"}}],"inLanguage":"pl-PL"},{"@type":"Organization","@id":"https:\/\/go-racing.pl\/blog\/#organization","name":"go-racing","url":"https:\/\/go-racing.pl\/blog\/","logo":{"@type":"ImageObject","inLanguage":"pl-PL","@id":"https:\/\/go-racing.pl\/blog\/#\/schema\/logo\/image\/","url":"https:\/\/go-racing.pl\/blog\/wp-content\/uploads\/2015\/05\/logo.jpg","contentUrl":"https:\/\/go-racing.pl\/blog\/wp-content\/uploads\/2015\/05\/logo.jpg","width":113,"height":32,"caption":"go-racing"},"image":{"@id":"https:\/\/go-racing.pl\/blog\/#\/schema\/logo\/image\/"},"sameAs":["https:\/\/www.facebook.com\/goracingpl","https:\/\/x.com\/goracing_pl","https:\/\/instagram.com\/go_racing_pl","https:\/\/www.youtube.com\/channel\/UCEdVDV_efJn6tpPWXefkCGQ"]}]}},"wps_subtitle":"","amp_enabled":true,"_links":{"self":[{"href":"https:\/\/go-racing.pl\/blog\/wp-json\/wp\/v2\/pages\/2","targetHints":{"allow":["GET"]}}],"collection":[{"href":"https:\/\/go-racing.pl\/blog\/wp-json\/wp\/v2\/pages"}],"about":[{"href":"https:\/\/go-racing.pl\/blog\/wp-json\/wp\/v2\/types\/page"}],"author":[{"embeddable":true,"href":"https:\/\/go-racing.pl\/blog\/wp-json\/wp\/v2\/users\/1"}],"replies":[{"embeddable":true,"href":"https:\/\/go-racing.pl\/blog\/wp-json\/wp\/v2\/comments?post=2"}],"version-history":[{"count":1,"href":"https:\/\/go-racing.pl\/blog\/wp-json\/wp\/v2\/pages\/2\/revisions"}],"predecessor-version":[{"id":175,"href":"https:\/\/go-racing.pl\/blog\/wp-json\/wp\/v2\/pages\/2\/revisions\/175"}],"wp:featuredmedia":[{"embeddable":true,"href":"https:\/\/go-racing.pl\/blog\/wp-json\/wp\/v2\/media\/176"}],"wp:attachment":[{"href":"https:\/\/go-racing.pl\/blog\/wp-json\/wp\/v2\/media?parent=2"}],"curies":[{"name":"wp","href":"https:\/\/api.w.org\/{rel}","templated":true}]}}